57
What is the remainder when 35159539 is divided by 21?
16
What is the remainder when 1752535 is divided by 126?
1
What is the remainder when 210058 is divided by 3187?
2903
What is the remainder when 94568716 is divided by 935?
11
What is the remainder when 19610111 is divided by 18?
11
What is the remainder when 8652758 is divided by 2753?
79
Calculate the remainder when 140762664 is divided by 313.
304
What is the remainder when 11950 is divided by 2635?
1410
Calculate the remainder when 14566787 is divided by 520239.
95
What is the remainder when 29588446 is divided by 2958844?
6
What is the remainder when 2740649 is divided by 33?
32
What is the remainder when 55713 is divided by 24682?
6349
Calculate the remainder when 1471884 is divided by 143.
128
Calculate the remainder when 219022 is divided by 208.
206
Calculate the remainder when 901 is divided by 259.
124
What is the remainder when 5999512 is divided by 1999828?
28
What is the remainder when 441228 is divided by 383?
12
What is the remainder when 4350549 is divided by 1087637?
1
Calculate the remainder when 32350717 is divided by 1008.
973
Calculate the remainder when 1022253 is divided by 5943.
57
What is the remainder when 11616208 is divided by 3872051?
55
Calculate the remainder when 16362620 is divided by 11.
10
What is the remainder when 328687 is divided by 1008?
79
What is the remainder when 93361 is divided by 84?
37
What is the remainder when 18129444 is divided by 3021562?
72
What is the remainder when 212413 is divided by 855?
373
Calculate the remainder when 4057149 is divided by 811428.
9
Calculate the remainder when 14183121 is divided by 3028.
2997
What is the remainder when 6461444 is divided by 7647?
7376
Calculate the remainder when 6667 is divided by 2143.
238
Calculate the remainder when 2543333 is divided by 282587.
50
What is the remainder when 3401807 is divided by 12?
11
What is the remainder when 32256 is divided by 1074?
36
What is the remainder when 46127788 is divided by 627?
25
What is the remainder when 104456 is divided by 10377?
686
What is the remainder when 165116 is divided by 6279?
1862
What is the remainder when 177124360 is divided by 1042?
1032
What is the remainder when 509 is divided by 325?
184
Calculate the remainder when 32082038 is divided by 105187.
3
What is the remainder when 1948869 is divided by 1708?
41
What is the remainder when 276412 is divided by 79?
70
Calculate the remainder when 28378719 is divided by 70.
19
What is the remainder when 4622313 is divided by 577789?
1
Calculate the remainder when 1524217 is divided by 438.
415
What is the remainder when 269905 is divided by 1376?
209
Calculate the remainder when 444777 is divided by 55377.
1761
What is the remainder when 2965411 is divided by 5069?
46
Calculate the remainder when 9817522 is divided by 162.
160
What is the remainder when 721521 is divided by 19492?
317
Calculate the remainder when 66518613 is divided by 219.
210
What is the remainder when 688905 is divided by 5178?
231
What is the remainder when 288382591 is divided by 8?
7
Calculate the remainder when 1341674 is divided by 670766.
142
Calculate the remainder when 35622345 is divided by 137538.
3
What is the remainder when 295340 is divided by 1312?
140
Calculate the remainder when 426349 is divided by 213130.
89
What is the remainder when 1911601 is divided by 477892?
33
What is the remainder when 527808 is divided by 201?
183
What is the remainder when 564282 is divided by 29695?
77
Calculate the remainder when 1414712 is divided by 202097.
33
Calculate the remainder when 91169 is divided by 30351.
116
What is the remainder when 120300474 is divided by 22?
8
Calculate the remainder when 1877652 is divided by 272.
36
What is the remainder when 6735627 is divided by 10190?
37
Calculate the remainder when 5777153 is divided by 23.
13
Calculate the remainder when 317915 is divided by 1085.
10
Calculate the remainder when 32933196 is divided by 145722.
24
Calculate the remainder when 2077098 is divided by 7041.
3
What is the remainder when 57472 is divided by 6367?
169
What is the remainder when 620220 is divided by 169?
159
What is the remainder when 3478164 is divided by 4771?
105
What is the remainder when 5326 is divided by 619?
374
What is the remainder when 12929277 is divided by 6464636?
5
What is the remainder when 1775290 is divided by 443822?
2
What is the remainder when 566005765 is divided by 97?
95
What is the remainder when 4878755 is divided by 2557?
2556
What is the remainder when 495913 is divided by 19819?
438
What is the remainder when 641310 is divided by 213704?
198
Calculate the remainder when 483627 is divided by 69085.
32
What is the remainder when 11151029 is divided by 234?
227
What is the remainder when 1045485 is divided by 7?
0
Calculate the remainder when 624996 is divided by 359.
336
Calculate the remainder when 413243 is divided by 11.
6
What is the remainder when 250981 is divided by 199?
42
What is the remainder when 22675786 is divided by 6?
4
Calculate the remainder when 77568145 is divided by 1749.
1744
Calculate the remainder when 29896803 is divided by 12104.
12027
Calculate the remainder when 1096638 is divided by 48.
30
Calculate the remainder when 14875340 is divided by 39.
38
Calculate the remainder when 744390 is divided by 704.
262
Calculate the remainder when 39768974 is divided by 49280.
14
Calculate the remainder when 1693459 is divided by 764.
435
Calculate the remainder when 12123675 is divided by 21766.
13
What is the remainder when 14019514 is divided by 42?
40
What is the remainder when 53094587 is divided by 18?
5
What is the remainder when 338299 is divided by 112751?
46
What is the remainder when 21309 is divided by 1230?
399
What is the remainder when 164778 is divided by 2193?
303
Calculate the remainder when 369243 is divided by 3514.
273
What is the remainder when 1872799 is divided by 7804?
7643
Calculate the remainder when 508066 is divided by 15611.
8514
What is the remainder when 3906108 is divided by 41?
38
Calculate the remainder when 3942070 is divided by 985462.
222
Calculate the remainder when 978623 is divided by 8293.
49
What is the remainder when 2199390 is divided by 91?
11
Calculate the remainder when 10067011 is divided by 45968.
19
Calculate the remainder when 122580809 is divided by 531.
521
What is the remainder when 34941 is divided by 2859?
633
What is the remainder when 1183422 is divided by 149?
64
Calculate the remainder when 16245804 is divided by 350.
204
What is the remainder when 2484712 is divided by 12677?
20
What is the remainder when 2272319 is divided by 15779?
143
What is the remainder when 47380772 is divided by 286?
10
What is the remainder when 31995 is divided by 2285?
5
Calculate the remainder when 28313585 is divided by 28313579.
6
What is the remainder when 8745582 is divided by 397525?
32
Calculate the remainder when 7333994 is divided by 1722.
1718
Calculate the remainder when 6084450 is divided by 16182.
18
Calculate the remainder when 956105 is divided by 335.
15
Calculate the remainder when 10813253 is divided by 563.
275
What is the remainder when 110598 is divided by 55204?
190
What is the remainder when 97181 is divided by 285?
281
Calculate the remainder when 48118094 is divided by 12029521.
10
What is the remainder when 2294584 is divided by 2294213?
371
What is the remainder when 69770 is divided by 13941?
65
Calculate the remainder when 968042 is divided by 60500.
42
Calculate the remainder when 247097 is divided by 122837.
1423
What is the remainder when 12413199 is divided by 8?
7
Calculate the remainder when 472456 is divided by 11522.
54
Calculate the remainder when 47511 is divided by 216.
207
What is the remainder when 144615 is divided by 11917?
1611
What is the remainder when 162020933 is divided by 989?
975
Calculate the remainder when 79531697 is divided by 5725.
5722
What is the remainder when 15619994 is divided by 28?
26
Calculate the remainder when 97148 is divided by 610.
158
What is the remainder when 30543657 is divided by 45?
42
What is the remainder when 161349 is divided by 159?
123
Calculate the remainder when 76037 is divided by 962.
39
What is the remainder when 1096033 is 